 is the value of 13 - (-5 + 8 + 8) - (-6 - (60 + -2))?
66
-9 + 10 + 3 + -17 + (2 - 11)
-22
Calculate 75 - ((19 - (4 - -22)) + 14 + -7).
75
What is the value of -57 + (-32 - ((-91 - -25) + 4))?
-27
What is -8 + -6 - 6 - (-1 + -126)?
107
Evaluate (27 - 23) + 7 - (9 + 11).
-9
17 - ((13 - (40 - 17)) + 22)
5
What is the value of (140 - 95) + -7 + -19?
19
Evaluate 200 + -186 - (40 - -8 - 6).
-28
-1 + 7 + (-2 - 75 - (274 - 292))
-53
30 + 21 - (-352 + 309)
94
145 + -145 + 0 + -6 + 26 + 0 - -14
34
Evaluate (1 - 23) + 177 + -177 + 32.
10
What is the value of 25 + (1 - 47) - -35?
14
Calculate (10 - (24 + -4)) + -11 + (7 - (-51 - 12)).
49
What is the value of 468 - 482 - (18 - (4 - 9))?
-37
Calculate -1 - (-15 - 2) - (-75 + -43 + 78).
56
What is the value of (13 - 19) + 1 - 11 - (-7 - 2)?
-7
Calculate 9 + (-2 - 4) + -15 + 1.
-11
What is the value of -63 + (26 - 93 - -61) + (-1 - 7)?
-77
What is the value of 1 + 0 - (-4 + -4 - (8 - (13 + 12)))?
-8
-5 - 2 - (-7 + -4 + -6 - -16)
-6
Evaluate -4905 + 4918 + (-1 - 1).
11
Calculate (-283 - -211) + (-10 - -6) + 6.
-70
What is -14 - (-16 + (22 - 3) + -19)?
2
What is (-31 - -24 - (70 + -4)) + (-9 - -7)?
-75
What is the value of -60 - ((6 - 2) + 13 + (-16 - (14 + -17)))?
-64
What is 2 - -13 - 6 - (12 + -12)?
9
What is the value of -1 + 1 - ((29 - -14) + -52) - (0 + 0)?
9
What is the value of 32 + (-119 - (6 + -56))?
-37
What is the value of 0 + -2 - (-10 - -71 - 19) - (-1 - -2)?
-45
11 + 2 - 3 - (-7 + 5 - -27)
-15
Calculate 24 - (0 + (3 - 4)) - (-620 + 630).
15
-13 - -1 - ((110 - (11 - 14)) + -1) - 16
-140
What is -5 + 24 + (-126 - -32) + 3 + -21?
-93
Calculate (215 - (141 - -81)) + 1 + 114 + -1.
107
Evaluate 23 - (-62 - (-99 - -41)).
27
What is -7 + 91 - 8 - 71?
5
(54 - (-28 + 85)) + 55
52
-74 + 17 - -140 - 119
-36
Evaluate (-2 - (-4 - (-7 + -7) - 2)) + -8.
-18
Calculate 0 + 1 + 40 - (-75 - (-291 - -205)).
30
Evaluate (-63 + 2 - (229 + -233)) + (3 - (5 - 2)).
-57
(-22 - -18 - -8) + 26
30
Evaluate 21 - ((11 - -5) + 23).
-18
What is the value of (-38 - -13 - (-51 - -3)) + (-1 - (0 + 3))?
19
137 - (35 - (12 - (34 - 33)))
113
Calculate 8 + -51 + -2 + 41.
-4
Calculate (3 - (3 + 27 + -6 + -15)) + -13.
-19
(-16 + 4 + -1 - (-8 - -6)) + -160 + 242
71
Calculate (6 - -54) + -1324 + 1325.
61
What is the value of (-102 + 51 - -94) + (1 - 21) - -61?
84
-69 - (-24 - (-149 - -115))
-79
Evaluate 50 - (-20 + -2 + (20 - 5)).
57
What is the value of (51 - 52) + -31 + (6 - 1 - 4)?
-31
Evaluate 3 - (-80 + (11 - -77)).
-5
What is the value of -1 - -12 - (5 + (-5 - -5) + (11 - 11))?
6
What is the value of 111 - (-52 - (-133 + 46))?
76
Evaluate 2 + 125 + -2 - (-190 + 19 + 174).
122
What is 38 + -35 + -4 - (52 - (4 - 3))?
-52
Calculate -80 - (-39 + 19 + 20).
-80
What is the value of -27 + 29 + -35 + 22?
-11
What is -20 + (19 - (-27 - -6)) + -31?
-11
What is -17 + 14 + (15 - 10) + -4 - (13 + 0)?
-15
48 - 9 - 16 - -21 - 4
40
What is the value of (818 + -837 - (21 - -1)) + 12?
-29
-16 - (8 + -22 + 29) - 22
-53
What is the value of 33 - 28 - (0 - -13) - 34?
-42
What is (-17 + -7 + (-12 - -26) - -21) + 130 - 12?
129
What is the value of 16 + -63 - 12 - -80?
21
36 - (56 + -35) - (0 - -15)
0
Evaluate 55 + ((-27 - -17) + 13 - 3) + 8.
63
30 + -17 + (4 - 22) + -77 + 18
-64
Evaluate 18 + 1 + -7 + (-687 - -691).
16
What is 57 + -123 + -4 + (0 - 3 - (17 + -25))?
-65
What is the value of -34 + (-119 - -274) - 4?
117
Calculate (-1 - 0 - (193 + -151)) + 1.
-42
What is the value of -21 + 0 - (39 - (-87 + 92))?
-55
What is (20 - 1) + (47 - (182 - 125))?
9
What is 54 + (25 - -1) + (-706 - -683)?
57
Evaluate (-2088 - -2051) + -3 + 2 + (-2 - 1).
-41
Evaluate (-10 - 5 - 7) + 7 + 66 + 18.
69
What is the value of 42 - 10 - (17 + -8)?
23
Evaluate 1 + -154 + (-1187 - -1209).
-131
What is 23 - ((30 - 17) + (-24 - -12) + 5)?
17
What is the value of 14 - 1 - (4 + -4 + -96 + 92 + 1)?
16
What is -50 + 0 - (-1880 + 1864) - -10?
-24
What is -81 + 113 + -7 + 9 + 5?
39
What is 1 - -49 - (-587 + 576 + (27 - (5 - 3)))?
36
What is the value of (2 + -8 - 41) + 29 + 103?
85
3 + (0 - (17 + -26)) + (3 - 50)
-35
Calculate -26 + (-35 - -65) + -53.
-49
What is 0 - (0 - -2) - ((9 + -13 - 12) + -36)?
50
What is the value of (-3 + 4 - -14) + (66 - 124) + 103?
60
What is 67 + 10 + -10 + (9 + 5 - -16)?
97
What is -4 + -59 + 1 + 68 + 7 + -57?
-44
Calculate 37 + (-75 + 48 - 55).
-45
Evaluate (-2 - -2) + (1 - -59) + 33 + -79 + 43.
57
What is (5 + -4 - (-3 + -9)) + (26 + -11 - 20)?
8
What is 34 + -11 - 58 - -3?
-32
Calculate -13 - -28 - 43 - (-91 + 46).
17
Calculate -20 + 57 + -58 + 30 + -21.
-12
Calculate (428 - 492) + -24 + 0 - (-2 + -2 + 3).
-87
Evaluate 5 + 5 + (-2 - -18) + -60.
-34
Evaluate (43 - (-30 - -45)) + 20 - (6 + 0).
42
125 + 19 - (175 + 97)
-128
Calculate 6 + 26 - (-6 + -13 + 34 - -6).
11
Evaluate -5 + -109 - (42 + 0 + -74).
-82
Calculate 10 + (-104 - -105 - (-5 + -14 + 7)).
23
What is 28 + (-58 - -51) + (-13 - -9) + 96?
113
Evaluate 466 - 419 - (1 + -2 + (-2 - -1) + 1).
48
What is the value of (-30 + -11 + -2 - 18) + -8?
-69
-17 + 6 - -24 - (-2 + 2) - 64
-51
-10 + (34 - 38) - -78
64
What is -9 + 11 + 2 + (-8 - (-11 - -10))?
-3
Calculate 1 - (-45 + 37 - -18).
-9
What is 51 + -23 + 13 + -2 + 1?
40
What is the value of (5 - 0) + -2 + 28 - 11?
20
What is the value of 1 + (0 + 6 - -3) + 50 + -85?
-25
Calculate 15 - (11 + -3) - (10 - 6 - -72).
-69
Calculate 36 + (74 - (146 - 72)).
36
Calculate 89 - (21 - (4 - (29 - 23))).
66
Calculate -3 + (-144 - -3) + -3 + (14079 - 14084).
-152
Evaluate -84 - -11 - (-12 + 2 - 10 - (-7 - 2)).
-62
What is 16 + -14 + -7 + (-1 - (-12 + 1)) - 137?
-132
What is (-11 - 3) + (-15 + -10 - -30) + 7?
-2
Evaluate 47 + 7 + (-27 - -33) + -2 + -18.
40
What is 51 + (-31 - 43) + 83?
60
Evaluate (-14 - -8 - -8) + (-6 - 3) - -4 - 35.
-38
9 + -263 + 40 + 88
-126
What is the value of (4 + 9 + -22 - 32) + 1?
-40
Evaluate 21 + -24 + (13 - (-5 + 74) - 2).
-61
Evaluate (-1 - 34) + -88 + (-37 - -109).
-51
(-59 - (4 - 47)) + -49
-65
What is (-4 + (-12 - -10) - -5) + (-5 + -29 - -21)?
-14
What is the value of 78 + -136 - (-13 - -43 - 11)?
-77
Evaluate (-2 + 81 + -4 - -2) + (4 - 6) + -9.
66
-107 + -51 + 152 + (-57 - -1)
-62
(10124 - 10139) + -56 + 0 + 1
-70
-15 + 17 + 20 + -16 - 8
-2
What is 17 + (-34 - -1) + (-1095 - -1067)?
-44
Evaluate (-3 - -6 - (4 - 1)) + (-1805 - -1773).
-32
What is (-15 - (-19 + (7 - -16) + -18)) + -1 + 20?
18
Calculate 2 + -49 + -19 + 107.
41
Calculate (-36 - -1) + -3553 + 3560.
-28
Evaluate 12 - (-1 - -23 - (71 - (23 + 35))).
3
Calculate -3 - (1 + -39) - (12 - -38 - 14 - 36).
35
What is the value of (1 - 24) + 127 + -76 + 22?
50
What is the value of 69 - (-5 + 42 + -13)?
45
Evaluate 46 - 39 - (-34 + 52).
-11
What is (602 - 750) + 0 + -1 + 1 + 4 + -4?
-148
What is the value of -11 + -3 + 5 - ((-4 - 4) + -10)?
9
(-26 - -5) + -2 - (0 + 3 + -7 - -7)
-26
What is the value of 15 - (-98 - (-83 + 0))?
30
What is -8 + 242 + -108 + -126?
0
What is (-205 - -239 - (4 - -66)) + -3 + 16?
-23
Evaluate (4 - 5 - -5 - 13) + (166 - 160) + 22.
19
Calculate 98 - (-104 + 55 - -117).
30
87 + (-32 - 30) + (-3 - -5) + -72
-45
Evaluate 9 + 4 + (12 - -96) - (-15 - (-14 - -12)).
134
Calculate (4 + -4 - 13) + (12 - 57).
-58
What is the value of 24 + -59 + -19 + -21?
-75
What is the value of -29 + (36 - 26) + 26?
7
What is 14 + -4 - ((-7 - 7) + -11)?
35
What is the value of -41 + (22 - 13 - -1) - (7 - 4 - 5)?
-29
(5 + (9 - 10) - 1) + -60 + 6
-51
Evaluate -2 + -5 - (-1598 - -1652).
-61
What is -108 + 26 - (3 - 42)?
-43
What is (-8 - -14) + 112 + -29 + -13?
76
10 - (-71 - -97 - (15 + -1))
-2
Evaluate -3 - (-14 + 19 + -7 + 18).
-19
Calculate 63 + -1 + (22 - 42 - -17) + -12.
47
-11 + 0 + (-5 - -1) + 9 - (399 - 363)
-42
What is (-16 - 1) + (-51 - -56) + 1?
-11
Calculate 40 - 55 - 3 - (0 - -14).
-32
What is -89 + -13 + (17 - 19) + 20 - -5?
-79
-1 - 0 - (-2583 + 2498)
84
Evaluate (-25 - (23 + -35)) + 54 + 19.
60
What is the value of -38 + (87 + -66 - -77)?
60
Calculate -23 - (-118 + (37 - -14)).
44
12 + (-4 - 0) - (-4 + -27) - -6
45
What is the value of 5 + (-9 + -140 - ((4 - -6) + (-51 - -35)))?
-138
Evaluate 12 + -8 + -10 + -5 + 14 + -121 + 2.
-116
What is 27 - (4 + 3 - (10 - (4 - -11)))?
15
Evaluate 207 + -20 + -129 - (-5 + 1).
62
Calculate 96 + -12 + (-18 - (-37 - -24)).
79
What 